digit of f?
7
Suppose -410*g = -199*g - 2116119. What is the tens digit of g?
2
Suppose -4*f - 2*j = -11918, -f + 4*j = -2125 - 832. Suppose -17*h + f = 155. What is the units digit of h?
6
What is the hundreds digit of (-20)/14 + (130 - 129) + 47218/7?
7
Suppose 12*d = 563 + 12164 + 18749. What is the thousands digit of d?
2
Let n(k) = 267*k**3 + 3*k**2 - 13*k - 3. What is the tens digit of n(3)?
9
Suppose 24*k - 12014 = 20*k + 5*i, 2*k - 4*i - 6004 = 0. What is the tens digit of k?
0
Let a(i) = -8*i - 72. Let k be a(-8). Let b(j) = -j**3 + 5*j**2 + 10*j + 58. What is the hundreds digit of b(k)?
8
Suppose -48746 = 655*j - 657*j + 3*o, 24373 = j - 2*o. What is the thousands digit of j?
4
Let m = 200 + -201. What is the tens digit of (10/(210/203))/(m/(-6))?
5
Let k = -16860 + 37254. What is the tens digit of k?
9
Let z = 78 + -68. Suppose 2*u = -d + 150, -3*d + u = -460 + z. What is the units digit of d?
0
Let o(x) = 2*x**2 - 4*x - 32. Let m be o(-4). Let d(v) = 38*v + 447. What is the thousands digit of d(m)?
1
Suppose -4*a = n - a - 85, 392 = 4*n - a. Let j(h) = -11*h**3 + 38*h**2 - h + 15. Let k be j(4). Let y = n - k. What is the units digit of y?
2
Suppose 3*m + d = 30, 6*m = m - 2*d + 49. Let l(c) = 3*c**3 - 10*c**2 - 9*c + 4. Let w be l(m). What is the hundreds digit of (2*1/(-4))/((-12)/w)?
1
Suppose -8*n = -2*n - 30. Suppose 409 = -n*d + 1824. What is the tens digit of d?
8
Let s be -10*(232/(-56) + (-2)/(-14)). What is the units digit of 238*(-4)/s*-5?
9
Let u(s) = 6*s - 10. Let z be (1 - -7)*((-45)/10)/(-9). Let v be u(z). Suppose v*n - 9*n - 60 = 0. What is the tens digit of n?
1
Let i = 0 - 2. Let n = i - -94. Suppose 0 = -7*f + 20 + n. What is the units digit of f?
6
Suppose 0 = -49*u + 43*u - 378. What is the units digit of ((-1)/(-9) + 511/u)*-22?
6
Let n = -5 + 3. Suppose -4*j - 4 = 0, 1455*j - 1452*j + 7 = d. What is the hundreds digit of 458/d - -2 - 1/n?
1
Let j(p) = p**3 - 10*p**2 + p + 14. Let z be j(10). Suppose z*f - 196 = 22*f. Let q = -26 + f. What is the units digit of q?
2
Suppose -p = -5*p + 8. Suppose j + 510 = u - 0*u, -4*j - 2034 = -p*u. What is the units digit of j/(-6) + (-3)/(-2)?
6
Suppose 7776 = -0*s + 9*s. Suppose -8*l + s = -2*l. Let q = l - 42. What is the tens digit of q?
0
Let x(s) = -s**3 - 18*s**2 + s - 73. What is the units digit of x(-45)?
7
Let b(q) = 2396*q + 23. Let x be b(2). Suppose 13*j = 10*j + 5*c + 2858, 0 = -5*j - 2*c + x. What is the hundreds digit of j?
9
Let j(i) = -8*i**2 + 12*i**2 - 25*i + 13*i + 6. Let z = 7 + 1. What is the tens digit of j(z)?
6
Let m be ((-116)/(-10))/((-5)/(-25)) - -3. Suppose -g + m = 6*v - 2*v, 3*v = -g + 47. What is the tens digit of v?
1
Let b = 157492 - 105539. What is the tens digit of b?
5
Let r = -7783 + 17828. What is the thousands digit of r?
0
Let z = -20429 + 34193. What is the units digit of z?
4
Suppose -84*l = -184*l + 502300. What is the thousands digit of l?
5
Let d(z) = 7*z**3 + 2*z + 1. Let t be d(-1). What is the units digit of ((-336)/5)/(t/40)?
6
Let y = 9066 - 5597. What is the thousands digit of y?
3
Let m = 249 - 247. What is the tens digit of 642 - 54 - (0 + m)?
8
Let g be 0/(7/5 - (-4)/(-10)). Suppose g*o + 2*u = -2*o + 96, 4*u - 12 = 0. Suppose 4*d = o + 191. What is the tens digit of d?
5
Let p(c) = c**3 + 16*c**2 + 14*c + 12. Let v be p(-6). Suppose -5*i - i = -v. What is the units digit of ((-141)/9)/((-8)/i)?
4
Suppose -28*b + 31*b - 1792260 = -51*b. What is the hundreds digit of b?
1
Suppose 3*f = 4*f - 3. Suppose -2*o + f*w = -23, -4*o - 2*w - 2*w + 16 = 0. What is the units digit of o?
7
Suppose -s + n = -2, -n + 3 - 11 = -4*s. Suppose s*o - 556 = 2*w + 3*w, o = 2*w + 280. What is the tens digit of o?
8
Let t = 0 + 2. Let u(c) = 5*c**3 + 2 - 299833*c - 4*c**3 + 6*c**3 + 299833*c. What is the units digit of u(t)?
8
Suppose 27 = -8*i + 51. What is the tens digit of i + (4 - 2 - -352)?
5
Let s(n) = -34*n + 5. Let h be s(-6). Suppose -63*k = -49*k + 1610. Let t = k + h. What is the units digit of t?
4
Let y(g) = -g**3 + 8*g**2 - 10*g + 11. Let i be y(6). Let k(s) = 4*s**2 - 54*s - 68. What is the units digit of k(i)?
6
What is the hundreds digit of 4/(-24) - ((-18)/(-162) + 152087/(-18))?
4
Let h(r) = -17*r - 5 + 2 + r. Let t(w) = -5*w**2 - 54*w - 54. Let b be t(-1). What is the units digit of h(b)?
7
Suppose -3*u = -v - 10, 3*v - 2*u = -3*u. Let z = -834 + -177. What is the tens digit of v/(z/(-507) - 2)?
6
Let a be 124 + 28 - (1 - 2). Let w = 398 + a. What is the tens digit of w?
5
Let v = -23582 - -52601. What is the units digit of v?
9
Let l be -6 - (6 - (12 - -1)). What is the tens digit of l + 50 + (-16 - -22)?
5
Let w be (10 + (-40)/8)*98/10. Suppose 0 = g - 18 - 1. Let l = w - g. What is the units digit of l?
0
What is the tens digit of 37695/(-6)*(-464)/580?
2
Suppose -2*p - 2*t + 27572 = 0, 41294 = 64*p - 61*p - 5*t. What is the tens digit of p?
7
Let n = 28 - 66. Let f = 290 - n. What is the hundreds digit of f?
3
Let g(f) = 48*f**2 + 108*f + 1239. What is the ten thousands digit of g(-18)?
1
Suppose -1671*h = 1673*h - 3345*h + 33013. What is the thousands digit of h?
3
Let y(i) be the first derivative of -9*i**4/4 - i**3/3 - i**2 - 2*i + 11. Let o be y(3). Let c = -154 - o. What is the units digit of c?
6
Suppose -253*c + 262*c = 171. What is the units digit of -2 + 40/c - (-28230)/38?
3
Suppose 19836 = 5*w + 3*j, -2*j + 3970 = -2*w + 3*w. Suppose 4*d - 15822 = -w. What is the units digit of d/28 - 1/(-7)?
6
Suppose 33067 + 62368 = 34*j - 268297. What is the thousands digit of j?
0
Let w(p) = p**2 - 11*p + 45. What is the hundreds digit of w(-72)?
0
Let d = -302 + 1108. Let j be d*(20/8)/5. Suppose 5*f - j = -153. What is the tens digit of f?
5
Suppose 5*o - 15 + 40 = 2*a, -5*o = -5*a + 70. Suppose -7 = -a*v - 82. Let u(r) = -10*r + 6. What is the units digit of u(v)?
6
Suppose -30 = -3*q + 3*p, 3*q - 25 = -3*p - 19. What is the units digit of 2985/(-20)*-4 - q?
1
Suppose 0 = 5*q - 96 + 46. Suppose l - 2 = -q. What is the units digit of (l/(-3))/(22/99)?
2
What is the hundreds digit of (-2)/39 - 14474935/(-897)?
1
Let u(z) = 25*z - 504. Let g be u(17). Let y be 1/((-1)/(-153)) + 0. Let x = g + y. What is the units digit of x?
4
Suppose 4*q - 11 = -4*w + q, 2*q + 21 = 3*w. What is the tens digit of (-2 - -83)/(w + (-42)/12)?
5
Suppose 5*b = 9*b - 36. Let c be (-90)/(-8)*(-6)/b*-2. What is the units digit of c - -2 - (-2 + 4 + 0)?
5
Let c = -4549 + 13620. What is the thousands digit of c?
9
Let b(p) = -37*p - 1. Let q(c) = 38*c + 2. Let f(j) = 6*b(j) + 5*q(j). Let h be f(-13). Let z = 599 - h. What is the units digit of z?
9
Let y(p) be the first derivative of 4*p**3/3 + 15*p**2/2 - 56*p - 109. What is the hundreds digit of y(-13)?
4
Suppose 5*b - 3*a + 4*a - 22 = 0, 10 = 5*b - 5*a. What is the hundreds digit of (b + -5)*1 + 125?
1
Suppose -5*m + 20965 = 5*b, 49*b - 46*b = -4*m + 16773. What is the tens digit of m?
9
Suppose 54*o - 1351 = 63263 + 33396. What is the units digit of o?
5
Suppose -7 = -2*u + 7. Suppose 11*b = u*b + 8. Suppose -b*l = 2*g - 76, 3*g = 5 + 1. What is the units digit of l?
6
Suppose z - 46*f + 47*f - 56299 = 0, -2*z = -4*f - 112568. What is the ten thousands digit of z?
5
Suppose 8151 = 78*u - 67*u. Let b = u + -140. What is the hundreds digit of b?
6
Let u = 25573 - 15296. What is the tens digit of u?
7
Suppose b - 376 = -3*q + 386, 25 = 5*q. What is the tens digit of b?
4
Let f(o) = 57*o - 449. Let a be f(8). Suppose 0 = -c - a*c + 2904. What is the units digit of c?
3
Let q be 2/(8/4)*(-20 - -1). What is the hundreds digit of (-10 + q)/(12/14 - 1)?
2
Let s = 26953 + -18439. What is the tens digit of s?
1
Let v(h) = 3*h**2 + 6*h - 35. Let x be v(13). Let s = x - 139. What is the units digit of s?
1
Let w = 835 + -543. Let v = 458 - w. Suppose -2*k + v = s, -2*s - k + 308 = -3*k. What is the tens digit of s?
5
Let f be (-5 + 0)*43/10*-104. What is the units digit of (-18)/(-63) - f/(-14)?
0
Suppose -4*t - 4*l + 248 = 0, -3*l - 12 = -0*l. Let k(f) = 53*f - 156. Let n be k(3). Suppose 2*h - 5*j = t, 4*h + 4*j - 33 = n*h. What is the units digit of h?
3
Suppose 4*v = 2*v. Let q be 3/((1848/32)/(-11) - -6). Suppose v = q*j - j - 177. What is the units digit of j?
9
Suppose 5*u = 5*s - 47930, -60*